(-111).
37
Let o(g) = -2252*g + 45121. Give o(20).
81
Let h(r) = -1295*r - 59668. What is h(-46)?
-98
Let d(h) = 6*h**3 + 37*h**2 - 5*h - 11. Calculate d(-1).
25
Let r(k) = -2*k**3 - 466*k**2 + 478*k + 2343. Give r(-234).
3
Let q(d) = -254995*d - 2549950. What is q(-10)?
0
Let f(n) = -14267*n + 99776. Determine f(7).
-93
Let s(z) = z**2 + 8844*z - 704911. Calculate s(79).
6
Let h(n) = -1646*n + 294628. Determine h(179).
-6
Let n(y) = -6125*y + 3570895. Give n(583).
20
Let i(r) = r**3 + 17*r**2 + 635*r + 7896. Give i(-13).
317
Let f(x) = -x**2 - 71*x + 8548. What is f(64)?
-92
Let l(p) = -203*p - 2788. Determine l(-12).
-352
Let y(t) = -3*t**3 + 62*t**2 + 4281*t - 102922. Calculate y(31).
-2
Let d(k) = 1550033*k + 9300207. Give d(-6).
9
Let z(j) = 159682*j + 1277415. What is z(-8)?
-41
Let u(j) = -j**3 + 91*j**2 - 1035*j - 629. Give u(14).
-27
Let o(i) = 1520*i**2 - 115521*i + 82. Give o(76).
6
Let x(y) = 22531*y - 175. What is x(0)?
-175
Let r(c) = 2*c**3 + 57*c**2 - 146*c + 61. Calculate r(2).
13
Let t(f) = -f**3 + 3*f**2 - 451*f - 2463. What is t(-5)?
-8
Let j(u) = -6315*u + 31633. Give j(5).
58
Let a(i) = 133*i + 8705. Calculate a(-64).
193
Let u(b) = -b**2 - 203*b - 1644. Give u(-9).
102
Let d(i) = -169*i**2 + 1963*i - 11668. What is d(6)?
-5974
Let w(g) = 2*g**3 + 242*g**2 - 247*g - 359. What is w(-122)?
7
Let p(t) = 12*t**2 - 123*t + 5. Give p(5).
-310
Let a(g) = 16*g - 279. Give a(21).
57
Let r(i) = 27*i**2 - 1897*i + 5692. What is r(3)?
244
Let m(p) = -12*p**2 - 658*p - 1981. Calculate m(-3).
-115
Let o(j) = 3*j**3 + 191*j**2 - 6091*j - 93. Calculate o(-87).
-6
Let t(l) = 173*l**2 + 2146*l - 1342. What is t(-13)?
-3
Let v(q) = q**3 + 610*q**2 - 27*q - 16464. What is v(-610)?
6
Let y(n) = 1620*n + 53533. Give y(-33).
73
Let a(d) = -3*d**3 - 500*d**2 + 672*d + 86. Give a(-168).
86
Let g(m) = m**2 + 11248*m + 157353. What is g(-14)?
77
Let u(o) = -o**3 + 233*o**2 + 6439*o + 50. Determine u(-25).
325
Let x(d) = -2*d**3 - 61*d**2 + 131*d + 3019. Determine x(-31).
-81
Let l(w) = -20164*w + 1532562. Calculate l(76).
98
Let g(r) = r**2 + 112*r - 4718. What is g(36)?
610
Let s(a) = a**3 + 1676*a**2 - 40817*a + 147. What is s(24)?
-261
Let z(n) = -n**2 - 39*n + 3782. Calculate z(-80).
502
Let m(d) = -18*d**2 - 571*d - 382. What is m(-31)?
21
Let f(l) = -3650*l**2 + 153301*l - 48. What is f(42)?
-6
Let f(s) = -s**2 + 29*s + 2148. Calculate f(-35).
-92
Let g(y) = -3*y**3 - 66*y**2 - 3*y + 119. Determine g(-22).
185
Let k(o) = -316734*o - 2850610. Determine k(-9).
-4
Let d(a) = 2*a**3 + 833*a**2 + 1214*a - 354394. What is d(-414)?
-10
Let f(g) = 282155*g - 1692932. Give f(6).
-2
Let j(m) = -11790*m**2 - 70754*m - 103. Calculate j(-6).
-19
Let a(y) = -69*y**2 - 30588*y - 39798. What is a(-442)?
-18
Let h(o) = -339*o + 5098. Calculate h(12).
1030
Let j(u) = u**2 + 268*u - 23294. What is j(-337)?
-41
Let g(l) = 13*l**2 - 98*l - 420. Give g(-4).
180
Let o(m) = m**3 - 22*m**2 + 40*m - 6. Calculate o(17).
-771
Let b(c) = -98909*c - 692359. Give b(-7).
4
Let d(x) = 46*x**3 + 56*x**2 - 185*x + 27. What is d(3)?
1218
Let o(c) = 3*c**3 + 23*c**2 + 9*c - 114. Calculate o(-3).
-15
Let u(q) = 53530*q + 3907692. Determine u(-73).
2
Let h(o) = 12*o**3 + 636*o**2 + 5898*o - 47. What is h(-12)?
25
Let g(x) = -x**3 - 21*x**2 + 251*x - 169. Give g(7).
216
Let t(l) = -188*l + 1531. Determine t(14).
-1101
Let v(a) = 2*a**3 - 124*a**2 - 23*a + 1358. Determine v(62).
-68
Let i(x) = -82*x + 20242. Give i(245).
152
Let y(i) = 21*i**2 + 7601*i - 7596. Determine y(1).
26
Let y(w) = -w**3 + 21*w**2 - 109*w + 2702. Give y(21).
413
Let p(w) = 9422*w - 47146. What is p(5)?
-36
Let g(b) = -74*b**3 - 594*b**2 - 364*b - 2782. Calculate g(-8).
2
Let z(w) = -32*w**2 - 872*w - 6122. Calculate z(-7).
-1586
Let a(h) = -h**3 + 92*h**2 + 287*h - 338. Give a(95).
-148
Let t(l) = 2301*l - 34506. Calculate t(15).
9
Let f(r) = -r**2 + 1141*r - 174840. What is f(183)?
474
Let u(q) = 19768*q - 434915. Determine u(22).
-19
Let t(z) = 2*z**2 + 629*z + 23114. Determine t(-272).
-6
Let j(o) = -o**2 - 111*o + 1625. What is j(13)?
13
Let m(g) = 62*g**2 - 174*g - 14. Calculate m(3).
22
Let r(f) = -f**3 - 17*f**2 - 246*f - 2390. What is r(-9)?
-824
Let t(g) = -g**3 - 286*g**2 + 279*g - 1229. Give t(-287).
1067
Let w(h) = -h**3 - 117*h**2 + 7042*h + 1846. Calculate w(44).
-2
Let k(r) = -r**3 + 172*r**2 - 7348*r - 122. Give k(93).
-215
Let h(t) = -t**3 + 63*t**2 - 151*t + 453. Give h(61).
-1316
Let v(p) = 190*p**3 - 188*p**2 + 186*p. Determine v(1).
188
Let u(t) = -t**2 + 63376*t + 316931. Give u(-5).
26
Let q(t) = -57*t**2 + 256*t + 133. Calculate q(4).
245
Let y(o) = 899*o + 4560. Determine y(-5).
65
Let m(z) = -79*z + 2190. Calculate m(48).
-1602
Let s(i) = -12141*i + 205801. Give s(17).
-596
Let o(h) = -266*h - 97571. Calculate o(-367).
51
Let t(x) = 13*x - 1082. Give t(66).
-224
Let s(z) = z**2 + 3191*z + 119780. Calculate s(-38).
-34
Let b(h) = 40634*h + 40611. Calculate b(-1).
-23
Let r(i) = -278*i**2 + 66439*i + 738. Give r(239).
21
Let p(m) = 6*m**2 - 1386*m - 30141. Determine p(-20).
-21
Let o(u) = 1952*u - 58287. Calculate o(31).
2225
Let w(g) = 2*g**3 + 61*g**2 + 311*g + 111. Calculate w(-6).
9
Let n(z) = -z**3 + 232*z**2 - 686*z - 48. Determine n(229).
181
Let c(g) = -741604*g - 2966501. What is c(-4)?
-85
Let m(r) = 5*r**2 + 128*r - 726. What is m(6)?
222
Let b(a) = -2*a**2 + 2422*a + 26875. Give b(-11).
-9
Let a(q) = q**3 + 34*q**2 - 387*q - 15458. Calculate a(-27).
94
Let o(i) = 40*i**2 + 1286*i + 8422. Determine o(-23).
4
Let u(w) = -5*w**3 - 6*w**2 - 13*w + 2. What is u(-5)?
542
Let h(n) = -33645*n - 134574. What is h(-4)?
6
Let g(o) = -o**2 + 7*o + 1133. Give g(-38).
-577
Let k(b) = 163421*b + 980525. Calculate k(-6).
-1
Let b(r) = -37*r**2 - 16784*r - 10356. Give b(-453).
63
Let d(a) = 2*a**2 - 160*a - 2310. What is d(90)?
-510
Let g(o) = -o**3 + 39*o**2 + 200*o - 27. Give g(-5).
73
Let m(y) = -7*y**2 - 503*y - 407. Calculate m(-71).
19
Let a(h) = -39*h**3 + 1448*h**2 - 193*h + 196. Calculate a(37).
-100
Let f(j) = 53*j**2 - 195*j + 139. Determine f(2).
-39
Let p(v) = 1986*v + 39743. Give p(-20).
23
Let r(i) = i**3 - 42*i**2 - 585*i + 132. Give r(53).
26
Let l(g) = 2*g**3 - 345*g**2 + 1189*g - 1025. Calculate l(169).
-11
Let g(p) = 18*p**2 - 256*p - 1192. Give g(18).
32
Let i(b) = 313*b + 1495. What is i(-4)?
243
Let n(m) = 226*m + 3754. Determine n(-41).
-5512
Let t(f) = -4649*f + 35022. Give t(8).
-2170
Let a(j) = -3*j**3 + 1063*j**2 + 710*j - 34. Give a(355).
-34
Let i(a) = a**3 + 762*a**2 + 4582*a + 34778. Give i(-756).
2
Let k(q) = q**3 - 98*q**2 + 2336*q + 13. Give k(58).
941
Let y(s) = -6*s**2 + 1113*s + 16126. Determine y(199).
7
Let m(h) = h**2 - 15305*h - 137825. Determine m(-9).
1
Let o(y) = -433*y - 169285. What is o(-391)?
18
Let h(x) = -5*x**3 - 1160*x**2 + 2339*x - 230. What is h(-234)?
4
Let t(y) = -10*y**2 - 732*y - 5121. Determine t(-7).
-487
Let p(m) = m**3 + 95*m**2 + 2218*m + 180. What is p(-52)?
1116
Let z(o) = -315*o**3 + 10*o**2 - 4*o - 1. What is z(1)?
-310
Let l(r) = 10*r**2 - 73*r + 324. Calculate l(0).
324
Let k(s) = -577*s + 124094. Give k(215).
39
Let k(a) = -954608*a + 26729031. What is k(28)?
7
Let j(l) = 2383*l + 164605. Give j(-69).
178
Let v(b) = -5*b**2 - 313*b - 3367. Give v(-43).
847
Let f(h) = -655*h + 16826. What is f(26)?
-204
Let d(t) = -2*t**3 - 17*t**2 + 35226*t - 70372. Calculate d(2).
-4
Let f(g) = -9684*g + 1365437. Determine f(141).
-7
Let c(d) = -160*d - 1380. Calculate c(-36).
4380
Let d(x) = -x**2 - 103*x + 37565. Determine d(149).
17
Let x(w) = 2*w**3 - 26*w**2 - 97*w + 1512. Determine x(14).
546
Let c(f) = -5*f**2 + 84*f - 667. Calculate c(20).
-987
Let o(b) = b**3 + 104*b**2 - 521*b + 2603. What is o(-109)?
-13
Let j(b) = -2*b**2 + 279*b + 1401. Determine j(144).
105
Let b(r) = 14*r**2 - 1546*r + 208. What is b(110)?
-452
Let d(q) = q**3 + 13*q**2 + 537*q + 5626. Give d(-11).
-39
Let q(h) = 3542*h - 113323. Determine q(32).
21
Let r(o) = -2*o**2 - 8188*o - 4093829. Give r(-583).
-3
Let n(l) = -8*l**2 - 4139*l - 13979. Calculate n(-514).
-101
Let w(r) = r**2 - 83*r + 1055. Determine w(15).
35
Let t(n) = 3*n**2 - 66*n - 1415. What is t(-13)?
-50
Let n(m) = -1054*m + 10628. What is n(10)?
88
Let u(x) = x**2 + 782*x + 89872. Give 